he prime factors of z(-12)?
3, 13367
Let j be 7/(105/20)*(-7650)/(-4). Suppose -31*p = j - 8130. What are the prime factors of p?
2, 3, 5
Let a(b) = 6*b + 10. Suppose -328 = 4*i - 4*w, 2*w - 7*w = 5*i + 440. Let m = 101 + i. List the prime factors of a(m).
2, 53
Suppose -137*t + 141598 = -133*t - v, -2*t - 2*v + 70804 = 0. What are the prime factors of t?
2, 3, 5, 59
List the prime factors of (-321)/(-1)*(-25)/(975/(-1196)).
2, 23, 107
What are the prime factors of -1671*3/4*-6*(-4)/(-3)?
2, 3, 557
Suppose 5*l - 29 = 4*s, -3*s = 9*l - 4*l - 57. Let x(y) = 12*y + 25. List the prime factors of x(l).
7, 19
Suppose -952*m = -962*m + 270. Suppose 0 = -30*j + m*j + 2949. What are the prime factors of j?
983
Let u be 12396/4*(-1 + 6 - 6). Let d = -1718 - u. What are the prime factors of d?
1381
Let y(b) = -b**3 - 8*b**2 + 9*b + 2. Let v be y(-9). Suppose 1048 = 3*m + 4*r, 0*m - v*r + 348 = m. What are the prime factors of m?
2, 11
Let h(d) = 5 + 34*d - 16*d + 5 + 9*d. What are the prime factors of h(17)?
7, 67
Suppose -4*b = -2*c - 196334, 3*b + 4*c - 80214 = 67031. List the prime factors of b.
3, 16361
Let k(z) = z**2 + 7*z + 2. Let b be k(5). Let w = b - 0. Suppose 0 = -4*l - a + 511, w = l + 5*a - 42. What are the prime factors of l?
3, 43
Suppose -v - 3*v = t + 307, -5*t - 5*v = 1565. Let d = 554 + t. List the prime factors of d.
239
Suppose 1652520 = 8*b + 36*b + 3*b. List the prime factors of b.
2, 3, 5, 293
Suppose 3*v = -4*z - 0*v + 2745, 2*z = -3*v + 1377. Let u = z + -389. What are the prime factors of u?
5, 59
Let a be (-7)/(35/(-30)) + -2 + 2. Suppose -3*d - 34 + a = -5*r, r = -2*d - 10. List the prime factors of (61 + -1)*(-4)/d.
2, 5
Let l(c) = -28*c - 14. Let o be l(32). Let w = -495 - o. List the prime factors of w.
5, 83
Let j(l) be the second derivative of -203*l**3/6 - 26*l**2 + 73*l. List the prime factors of j(-7).
37
Suppose -10 = -5*i + 5, 15 = -2*v + i. Let c(h) = 7*h**2 - 769*h**3 + 12 - 2*h**2 - 5*h + 4*h**2 + 2*h**2 + 770*h**3. List the prime factors of c(v).
2, 3, 37
Let i(w) be the second derivative of 7*w**4/6 - 5*w**3/3 - w**2/2 - 2*w - 4. List the prime factors of i(-5).
3, 7, 19
Let m(h) = -h**3 + 10*h**2 - h + 1. Let o be m(10). What are the prime factors of 468/8*(-4)/o?
2, 13
Suppose -2*b + 427 = 3*l - 167, 3*l + 618 = 2*b. List the prime factors of b.
3, 101
Let o(j) = -17*j - 93. Let r be o(-6). Let n = r - -539. What are the prime factors of n?
2, 137
Let m be (-1 - 11)/((-12)/(-392)). Let c = 638 + m. List the prime factors of c.
2, 3, 41
Let i(v) = -18*v + 3. Let f be i(-1). Suppose 2*p + 4*c - 9 = p, 4*c = 5*p - f. Suppose -t + 1328 = p*h - 4*t, 0 = 3*h - t - 796. List the prime factors of h.
5, 53
Suppose o - 845 = 2*j, 4*o - 103 + 933 = -2*j. Let l = 1159 + j. What are the prime factors of 0 + -3 - 2/((-12)/l)?
2, 3, 5
List the prime factors of (9310/21 - 21) + 4/6.
3, 47
Let c be (1/1 - -3)*(3 + -2). Let x be 3 + 1 + c/(-8)*2. List the prime factors of (8/10)/((-5)/(-450)*x).
2, 3
Suppose -68*v + 63*v = 125. Let d = v - -22. List the prime factors of 4 + d - (0 + -3).
2
List the prime factors of 52/156 + (-1)/(-3)*19154.
5, 1277
Suppose 4*c + 3*g = 2, -2 + 12 = 4*c - g. List the prime factors of -43 - -307 - (c + -1).
263
Let k = 48 - 41. Suppose 0 = -3*o - m + 3, 7*o = 2*o - m + k. Suppose 4*v - 89 = -3*s + 470, -5*s - 273 = -o*v. What are the prime factors of v?
139
Let g(l) = -6*l**2 + 23*l + 35923. List the prime factors of g(0).
35923
What are the prime factors of 65946 - (18 + 5)/(-23)?
7, 9421
Let g(r) = 11*r - 12 + 6*r**2 - 6*r**2 + 2*r**2 - 4*r. Let f be g(-6). Suppose 0 = f*a - 17*a - 46. What are the prime factors of a?
2, 23
Suppose 0 = -h + 6179 + 919. What are the prime factors of h?
2, 3, 7, 13
Suppose -2*s - 367 - 259 = -b, 0 = 2*b - 2*s - 1254. Let f = -409 + b. What are the prime factors of f?
3, 73
Let w be (56/(-42))/((-4)/(-162)). Let y = w - -57. List the prime factors of (y - (-4 - -18))/((-2)/20).
2, 5, 11
Suppose m = 2*a + 6271, -547 = -m + 5*a + 5727. List the prime factors of m.
6269
Let f(j) = 3*j - 14. Let v be f(6). Suppose 2*a - 3*x + 3 = 0, 4*a + 41 = v*x - 5*x. Let m = a - -111. List the prime factors of m.
2, 3, 17
Suppose -2*u = -12 - 6. Let q = u - 3. Suppose 4*v - 122 = -g, -g = -q*g + 3*v + 564. List the prime factors of g.
2, 3, 19
List the prime factors of (((-21249)/9)/3)/(1/(-47)*1).
47, 787
Suppose -46068 = -4*l + 3*v, -4 = -7*v + 6*v. What are the prime factors of l?
2, 3, 5
Suppose -176 = 11*m - 682. Suppose -b + 305 = -m. What are the prime factors of b?
3, 13
Let s(r) = -76*r**3 - 9*r**2 - 25*r - 94. List the prime factors of s(-6).
2, 11, 367
Let j(u) = 3*u - 18. Let f be j(11). What are the prime factors of 12/(-30) + 6216/f?
2, 3, 23
What are the prime factors of (-15237383)/(-294) + (-7)/(-6)?
51829
Suppose -3*h = -p - 12962, 4*p + 17403 = 4*h + 131. What are the prime factors of h?
2, 2161
Let t(p) = -1. Let l(w) = 3*w - 26. Let h(k) = l(k) - t(k). Let q be h(9). Suppose 21 = 4*v - q*d - 331, -d - 2 = 0. List the prime factors of v.
3, 29
Let q = -20737 + 29926. What are the prime factors of q?
3, 1021
Let f(l) = 8*l**2 + 13*l + 24. Let a be f(11). Suppose -3*p - 58 + a = 0. What are the prime factors of p?
359
Suppose -28 = 68*p - 61*p. What are the prime factors of 152/18 - (-3)/27*p?
2
Suppose 18 = -10*z + 138. Let u be (-642)/9*(44 - z/(-3)). List the prime factors of 8/(-36) + (u/9)/(-2).
2, 5, 19
Let p(w) = -w**3 + 2*w**2 + 18*w + 7. Let j be p(5). Suppose -2*q - j*a + 24*a = -1648, 4*q - 5*a = 3300. What are the prime factors of q?
2, 5, 41
Suppose 0 = -14*v - 3439 + 13897. Let j = v + -375. What are the prime factors of j?
2, 3, 31
Let v be (2/(-8))/((-12)/(-576)*-6). Let o(f) = 24*f**3 + 3*f**2 - 8*f + 13. List the prime factors of o(v).
3, 67
Let i be 1204 + (29/116)/(2/24). Suppose 0*x + i = 4*x - 3*l, 3*x - 3*l = 909. List the prime factors of x.
2, 149
Suppose 399*y + 3159780 = 477*y. List the prime factors of y.
2, 5, 4051
Let l = 146 - 144. Suppose 5*c = 0, -15*p + 14*p + 313 = l*c. What are the prime factors of p?
313
Let s = -7299 - -24677. What are the prime factors of s?
2, 8689
Let y = 25055 - 17193. What are the prime factors of y?
2, 3931
Let p = -6978 + 10965. What are the prime factors of p?
3, 443
Suppose 0 = l - 5*w - 183, w + 8 = 3*w. Suppose -a + 310 = -2*k, a - l = 5*k + 92. List the prime factors of a.
2, 5
Suppose 0 = -11*w - 17 + 17. Suppose 2*a + 5*s - 1187 = 1490, w = s + 5. What are the prime factors of a?
7, 193
Suppose 10*c - 65783 = 255067. What are the prime factors of c?
3, 5, 23, 31
Let o = 1758 - 982. Suppose 10*f = 14*f - o. List the prime factors of f.
2, 97
Let x be (64/(-36) - -2) + (-50)/(-18). Let t be ((0/x)/2)/(1/1). What are the prime factors of 2/(-4) + t + (-1687)/(-14)?
2, 3, 5
Let r = 116 + -114. Suppose 0 = -4*p - 12, 0 = 5*d + r*p - 2 - 2. Suppose y - 5*y + 520 = d*h, y - 4*h - 121 = 0. List the prime factors of y.
3, 43
Let m be 6/3*(-51)/(-6). Let p = -16 - m. What are the prime factors of (2 + (-51)/9)*p?
11
Suppose 3*l - 27 = -6*l. Suppose 3*v = -p + 10, 0 = v - 2*p - l - 5. Suppose -251 = -v*a + 169. List the prime factors of a.
3, 5, 7
Suppose 7*w = 210 - 168. What are the prime factors of w*((2 - -3)*4 + -1)?
2, 3, 19
Let t be (-2)/(-14) + (-11385)/(-77). Let j = -78 + t. Let f = j - 39. List the prime factors of f.
31
Let r(v) be the third derivative of v**4/3 + 613*v**3/6 + 4*v**2 - 11*v. What are the prime factors of r(0)?
613
Let a = 46 + -44. Suppose -h - 3*y = -0*h - 12, -a*h + y = -10. Suppose -3*g - 21 = -f, -4*f - h*g + 36 = -2*g. What are the prime factors of f?
2, 3
Suppose -l + 5*g = -23432, 19*l - 5*g = 21*l - 46894. List the prime factors of l.
2, 3, 3907
Let m(j) be the second derivative of 14*j**4/3 + 5*j**3/6 - 5*j**2/2 + 313*j + 2. What are the prime factors of m(-4)?
13, 67
Let u(f) = f**3 - 20*f**2 - 10*f - 297. Let l(d) = d**3 - 17*d**2 - 9*d - 296. Let w(t) = -7*l(t) + 6*u(t). List the prime factors of w(0).
2, 5, 29
Let i(x) = -6*x**2 + 47*x + 143. Let f(o) = o**2 - o - 1. Let l(y) = 5*f(y) + i(y). What are the prime factors of l(33)?
3, 5, 29
Let j be 3484/24 + -2 - 2/12. Let v = 102 + j. List the prime factors of v.
5, 7
Suppose -4*v - 14 = -1566. What are the pr